5, -p = 3*c + 4*p + 593. Let b = 297 + c. Calculate the remainder when b is divided by 31.
29
Let p(u) = u**3 + 13*u**2 + 10*u - 27. Let x be p(-12). Let v = 25 - x. Calculate the remainder when v is divided by 10.
8
Let x(z) = -z + 5. Let u be x(5). Let q(r) = 3*r + 4. Let b(d) = d + 2. Let s(n) = 5*b(n) - 2*q(n). Calculate the remainder when s(u) is divided by 1.
0
Suppose 3*c = o + 254, 2*c - 3*o + 0*o - 167 = 0. Calculate the remainder when c is divided by 64.
21
Calculate the remainder when 356 is divided by 223/1338 - (1 - 131/6).
20
Suppose 2*t + 2*n - 26 = 0, -6*t + n + 23 = -3*t. Let g = 19 - t. Let q = -256 - -304. What is the remainder when q is divided by g?
8
Let b(i) = -i**3 - 5*i**2 + 11*i - 6. Let t be b(-8). Let j = t - 48. Suppose -2 = 3*s - j. What is the remainder when 29 is divided by s?
13
Suppose 2*o = -0*o + 32. Suppose 4*j + 3*t - o = 0, 5*j + 4*t - 8 - 11 = 0. What is the remainder when 55 is divided by j?
6
Let l = -22 + 24. Suppose -l*i = i - 3. Suppose i = v - 4. Calculate the remainder when 24 is divided by v.
4
Let d be -2 + (1 - -1) + 2. Let v(t) = 14*t**2 + 3*t**2 - 2*t**2 + d - 2*t + 5*t. Calculate the remainder when v(-1) is divided by 8.
6
Let s(i) = 3*i**2 - 7*i + 3. Let h be (-34)/(-10) + (-2)/5. Suppose -3 = -f + 1. What is the remainder when s(h) is divided by f?
1
Let c(p) = -p**3 + 9*p**2 + 10*p - 2. Let n be c(10). What is the remainder when 74 is divided by (-135)/(-7) - n/(-7)?
17
Let k(b) = -b - 11. Let c be k(-7). Let x = c - -21. Calculate the remainder when 65 is divided by x.
14
Suppose -12*p = -297 - 219. Calculate the remainder when p is divided by 8.
3
Suppose 11*h - 17*h = -12. Suppose -d = 5*c - 74, -h*c - 19 = -5*d - 54. What is the remainder when c is divided by 4?
3
Let n be (-494)/14 + 2 + (-12)/7. Let w(q) = 5*q**3 - 5*q**2 + q. Let v be w(-4). Calculate the remainder when 14/n - v/10 is divided by 21.
19
Suppose -2*n = -n - 9. Let q be (-12)/(-9)*-3 + n. Suppose 3*t - 4*k = 86, 0*t = -t + q*k + 25. Calculate the remainder when t is divided by 16.
14
Let o = -132 - -78. Let v = 66 + o. Calculate the remainder when 31 is divided by v.
7
Let a(l) = -7*l**3 + 8*l**2 + 6*l - 4. Let f(s) = 15*s**3 - 17*s**2 - 12*s + 8. Let y(h) = -13*a(h) - 6*f(h). What is the remainder when y(5) is divided by 17?
15
Suppose t - 470 = -2*t + 4*u, -3*u + 660 = 4*t. Calculate the remainder when (t/108)/(3/160 + 0) is divided by 27.
26
Let l(g) = -g**3 - 6*g**2 - 5*g + 2. Let i be l(-5). Let y(o) = 4*o**3 + o**2 + 3*o - 3. Calculate the remainder when y(i) is divided by 10.
9
Let z(v) be the first derivative of v**4/2 + 10*v**3/3 - 2*v**2 - 7*v + 37. Calculate the remainder when z(-5) is divided by 4.
1
Suppose -4*a + 40 = 2*h, -4*h - 37 = a - 6*a. Calculate the remainder when 120*(265/(-45) + 6)*6 is divided by a.
8
Suppose 2*s = 45 + 223. Suppose 4*p + k - 231 = 0, 161 = 5*p - 5*k - s. Calculate the remainder when p is divided by (6*5)/(6/4).
18
Let i = -59 - -82. Suppose 0 = 3*y - 3*h + h - 39, -5*h = 0. Suppose v - 39 = -3*m, m - y = -0*m + v. Calculate the remainder when i is divided by m.
10
Suppose -4*c = 4*f - 20, 2*f - 4 = -2*f. Suppose -n - c*n + 35 = 0. What is the remainder when (-4)/(-28) - (-202)/n is divided by 6?
5
Suppose -26 = -l - 6. Let n = l + 1. Let t = -102 - -113. Calculate the remainder when n is divided by t.
10
Let p(f) = -f**2 - f + 1. Let j be p(0). Suppose -4*o + 14 = 5*t - j, -2*t = -2*o + 12. Suppose 2*g - o = 1. What is the remainder when g is divided by 1?
0
Calculate the remainder when (16/(-20))/(3/(-735)) is divided by 9.
7
Let g(b) = -7*b - 3. Let r be g(-6). Let x be r/(-6) - 3/6. Let k = x - -28. Calculate the remainder when k is divided by 8.
5
Let x(t) = -t**3 + 8*t**2 - 3*t - 5. Calculate the remainder when x(6) is divided by 25.
24
What is the remainder when 32 is divided by ((-36)/(-6) - -23)*1*1?
3
Suppose 0 = -8*i + 7*i + 4. Let b = i + -1. What is the remainder when b is divided by 2?
1
Let w(i) = -i**3 - 2*i**2 + i - 105. Let x be w(0). What is the remainder when (-45)/x + (-935)/(-7) is divided by 27?
26
Let q = -465 - -607. What is the remainder when 702 is divided by q?
134
Let a(s) = -s**3 + 47*s**2 + 268*s - 338. Let z be (-22)/4*2*2. Calculate the remainder when a(52) is divided by -1 - (2 + -1) - z.
18
Let m = -14 - -46. Suppose 4*h = 4*p - m, -4*p + 40 = -h - h. Suppose 5*t - 3*a - 99 = 2*t, -3*a + p = 0. Calculate the remainder when t is divided by 13.
11
Let m(a) = a**3 - 5*a**2 + 5*a - 3. Let b = 32 - 18. Let t = b - 9. What is the remainder when 41 is divided by m(t)?
19
Suppose 30*h - 713 = -h. Suppose 2*l + 215 = 5*g, 2*g - 5*g + 2*l = -125. What is the remainder when g is divided by h?
22
Let t = 672 - 657. Suppose -c = -5*o + 16, 12 = 4*c + o - 8. Calculate the remainder when 1 + 30 - (c + -2) is divided by t.
14
Suppose 4*m - 839 = 3*a + 160, 0 = -3*m + 4*a + 751. Calculate the remainder when m is divided by 119.
11
Let m(o) = o**3 - 5*o**2 - 2. Let q be m(4). Let b = q + 43. What is the remainder when 47 is divided by b?
22
Let m(o) = -o**2 - 6*o + 6. Calculate the remainder when (-7 + 198/42)/(2/(-28)) is divided by m(-5).
10
Let h be -4 + 58 - 2/1. Let i = 125 - h. Calculate the remainder when i is divided by 26.
21
Let k = 46 - 29. Let x = -27 - -4. Let h = -14 - x. Calculate the remainder when k is divided by h.
8
Let m = 71 + -142. Let v(n) = -n**3 + 13*n**2 - 15*n - 2. Let l be v(12). Let s = l - m. Calculate the remainder when s is divided by 12.
9
Suppose -638 = -0*m - 2*m - 2*u, 0 = -2*m + 3*u + 653. Calculate the remainder when m is divided by 27.
25
Suppose 4*a + 0*a = 16. Let b be 28 + -1 + 11 + -11. Let w = -12 + b. Calculate the remainder when w is divided by a.
3
Suppose 2*y = b - 0*y + 10, -5*y + 20 = 0. What is the remainder when 35 is divided by ((-2)/(-6))/(b/(-60))?
5
Suppose -2*j = 4*j - 624. Let p = j + -1. What is the remainder when p is divided by 35?
33
Let z(q) = -2*q - 17. Let i be z(-11). Suppose -b + 0*b = i, t + 3*b + 7 = 0. What is the remainder when t is divided by 3?
2
Suppose 36 = -0*i + i - 2*f, -58 = -2*i - 3*f. What is the remainder when 33 is divided by i?
1
Let x(h) = -13*h - 610. What is the remainder when 102 is divided by x(-51)?
49
Let a(u) = u**3 + 3*u**2 - 15*u - 1. Calculate the remainder when 135 is divided by a(3).
7
Calculate the remainder when (1/4)/(((-27)/(-1524))/9) is divided by 39.
10
Let g be (13/(52/(-192)))/(6/(-4)). Let f(o) = o**2 + o - 1. What is the remainder when ((-4)/(g/(-4))*-34)/(-1) is divided by f(-3)?
2
Calculate the remainder when 30 is divided by 455/13*(3 - 19/7).
0
Let p(v) = -4*v - 5. Let t(w) = 2*w**2 - 9. Suppose -2*u - s - 3 - 7 = 0, 0 = -s. Calculate the remainder when t(u) is divided by p(-4).
8
Let v be 6*5/(-10) + 96. Let t = -28 + v. What is the remainder when t is divided by 17?
14
Suppose 3*v = g - 5, 2*g + 3*g - 25 = 0. Let j be -125 + v - (2 - -1). Let u = j - -193. Calculate the remainder when u is divided by 23.
19
Let b be 6/8*256/4. Let u = b - 41. Calculate the remainder when 31 is divided by u.
3
Calculate the remainder when 11 + -747*(-7)/21 is divided by 38.
32
Suppose -11*h + 11 + 0 = 0. Calculate the remainder when (14*65/10)/h + -1 is divided by (0 - -23) + 1 + -1.
21
Suppose 0 = -5*d + 1 - 6. Let f(k) = 25*k + 9. Let w(x) = 13*x + 4. Let g(h) = 3*f(h) - 7*w(h). What is the remainder when 27 is divided by g(d)?
12
Suppose w + 33 = -3*p, 2*w = -4*p + 5*w - 57. Let a be (-17)/(-4) - (-3)/p. Suppose -a*d = r - 17, 2*d + 4 = -0. What is the remainder when 46 is divided by r?
21
What is the remainder when 87 is divided by -1*(-2)/(-10) - 605/(-25)?
15
Let h = 236 + -5. Calculate the remainder when h is divided by 13.
10
Suppose 22 + 4 = 4*y - 5*d, -26 = -5*y + 3*d. Suppose -6*b + y*b = -10. What is the remainder when 23 is divided by b?
3
Suppose -2*w - 196 = 4*p - 200, 4*w - 60 = 5*p. What is the remainder when 242 is divided by w?
2
Let o = -21 - -24. Suppose 3*t - 5*y - 23 = -6, -o*y + 71 = 4*t. What is the remainder when t is divided by 6?
2
What is the remainder when 4/(96/(-66))*-20 is divided by 32?
23
Suppose 13 - 197 = -v + 5*n, -4*n = -4*v + 720. Calculate the remainder when v is divided by 31.
24
Let r(g) = 30*g**2 - 2*g - 12. Calculate